he remainder when (-2004)/(-42) + 4/14 is divided by 36?
12
Let q = 13 + -7. Let l be 0 + 1 - 4 - (18 - 0). Let o = 31 + l. Calculate the remainder when o is divided by q.
4
Suppose 0 = -7*c - 4 + 11. Calculate the remainder when -2*(-31*1/2 - c) is divided by 12.
9
Suppose k + 2*k + 5*v = -46, -4*k - 53 = 5*v. Calculate the remainder when 87 is divided by (-107)/k - (-8)/(-28).
12
Let q = 625 + 647. What is the remainder when q is divided by 67?
66
Let u = 22 + 28. Let l = -36 + u. Calculate the remainder when l is divided by 4.
2
Let a = 702 + -660. What is the remainder when 160 is divided by a?
34
Suppose -5*p = -0*p - 55. What is the remainder when -86*((-6)/8)/(15/10) is divided by p?
10
Let n = 1 - -5. Suppose 0 = 3*y - n. Calculate the remainder when y is divided by ((-8)/6)/4*-3.
0
Let b = -1058 + 1069. Calculate the remainder when 167 is divided by b.
2
Let z be (-8)/(-14) - (-120)/(-14). Let p(x) = -3*x + 19. Calculate the remainder when p(z) is divided by 12.
7
Suppose 3*m - 168 = 3*g, 2*m - 88 = -3*g + 39. Let a(y) be the second derivative of y**3/2 + 3*y**2 - 2*y. What is the remainder when m is divided by a(3)?
14
Let g = -33 - -38. Suppose -5*i + 2*r - r = -30, g*i + r - 30 = 0. Calculate the remainder when i is divided by 4.
2
Suppose 4*i + 5*w = -4, w + 2 = -3*i - 3*w. Let c be (4/6)/(8/156). What is the remainder when 11 is divided by (c + -14)/(2/i)?
2
Let o be 2/(-1) - (147 + -3). Let i = -10 - -30. Calculate the remainder when (-1)/(o/(-74) - 2) is divided by i.
17
Let j(i) = i**2 + i + 22. What is the remainder when 164 is divided by j(-5)?
38
Suppose 0*n - 10*n = -260. Suppose -3*y + 92 + 61 = 0. Calculate the remainder when y is divided by n.
25
What is the remainder when ((-370)/(-10))/(3/15) is divided by 47?
44
Suppose 6*b - 7 = 41. Let m(x) = x**2 - 8*x + 4. Let r be m(8). Suppose -r*u = 2*d - 46, -4*d - 3*u = 2*u - 92. What is the remainder when d is divided by b?
7
Suppose 0 = -52*f + 55*f + 2*v - 796, -4*f + 1043 = -v. What is the remainder when f is divided by 5?
2
Suppose -231*i = -230*i - 4. What is the remainder when 38 is divided by i?
2
Let g = -44 + 69. What is the remainder when g is divided by 10?
5
Let m = -168 + 179. What is the remainder when 19 is divided by m?
8
Suppose -54*b + 49*b + 75 = 0. What is the remainder when 37 is divided by b?
7
Suppose 0 = -5*l + 3*x - 2*x + 25, -2*l + 23 = -3*x. Calculate the remainder when (1/((-8)/(-30)))/((-24)/(-32)) is divided by l.
1
Suppose 0 = -5*j, -4*j + 60 - 228 = -3*q. What is the remainder when 670 is divided by q?
54
Let f(x) = 7*x - 17 + 34 - 15 - x**2. What is the remainder when 5 is divided by f(7)?
1
Let b = 8 + -34. Let h = -12 - 31. Let q = b - h. Calculate the remainder when 61 is divided by q.
10
Let h = -4 - -7. Suppose 10*i = 14*i - 184. Let f = i + -44. Calculate the remainder when h is divided by f.
1
Let d(h) = 7*h + 152. Calculate the remainder when 275 is divided by d(-20).
11
Calculate the remainder when 97 is divided by 0/(-2) + (17 - (-3 + 0)).
17
Let v = 12 + 18. Suppose 0 = 4*q + q - v. Calculate the remainder when 21 is divided by q.
3
Let k(j) be the second derivative of -j**5/20 + j**4/6 + j**3/3 + 3*j**2 + 5*j. What is the remainder when 15 is divided by k(3)?
0
Let w(g) = 49*g**2 - 21*g - 14. Calculate the remainder when w(-2) is divided by 77.
70
Let n be -65 - 9/((-27)/6). What is the remainder when 87 is divided by 18/n - (-424)/14?
27
Let q(c) = c**2 - c + 2. Let w be q(2). Suppose 4*x + 0*h - 267 = -5*h, -w*x = -4*h - 240. What is the remainder when x is divided by -1 + -23*(-3 + 2)?
19
Let z be -58*(1 - 2 - -2). Let b = -49 - z. Calculate the remainder when 33 is divided by b.
6
Let k = -156 - -218. Suppose 2*c + j + 0 - 28 = 0, -3*j = -2*c + 20. What is the remainder when k is divided by c?
10
Let r(i) = 5*i**3 - 26*i**2 - 5*i - 43. Let s(t) = 3*t + 3. What is the remainder when r(6) is divided by s(5)?
17
Let w(b) = -2*b**3 - 12*b**2 + 7*b - 12. Calculate the remainder when w(-8) is divided by 31.
2
Let w = 163 + -146. What is the remainder when w is divided by (-68)/(-7) - 18/(-63)?
7
Suppose -9*k = -34 - 11. What is the remainder when 182 is divided by 312/k - 2/5?
58
Let j = 642 - 485. What is the remainder when j is divided by 53?
51
Suppose 5*u + u = 0. Suppose 0 = 3*z - 4*x - 303, 202 = 2*z - 4*x - u*x. Calculate the remainder when z is divided by 26.
23
Let a be (-8 - 6/3)*(-29 + -4). Suppose 13*m - a = 7*m. Calculate the remainder when m is divided by 28.
27
Let b(a) = -3*a + 81. Let d(t) = -t + 9. Let i be d(5). Suppose 4*l + 3*f = 4, -l - i*f - 3 - 9 = 0. Calculate the remainder when b(25) is divided by l.
2
Suppose 3*a - a - 4*b = 520, 5*a = -b + 1311. Calculate the remainder when a is divided by 66.
64
Let g be ((-6)/15)/((1 - 4)/270). Suppose 3*b - g = -2*n, -3*n - 54 = -3*b + n. What is the remainder when 82 is divided by b?
12
Let u = 9 + 10. Let z(h) = -52*h - 2. What is the remainder when z(-1) is divided by u?
12
Suppose 3*k = -2*c + 84, 59*c - 62*c + 126 = 3*k. What is the remainder when 167 is divided by c?
41
Let j = 2 - -3. Let l(u) = 0*u + j - u - u. Calculate the remainder when 9 is divided by l(0).
4
Let u(v) = -v**3 - 5*v**2 - 6*v. Let h be u(-7). What is the remainder when 20 is divided by (h/(-16))/7*(-1 + -7)?
0
Suppose -4*z + 6 = -2*z. Suppose -z*m - 4*y + 75 = 0, 20 = 5*y + 5. Let n = 207 - 125. What is the remainder when n is divided by m?
19
Suppose -982*o + 444 = -970*o. What is the remainder when o is divided by 7?
2
Let h = 90 + -152. Let o = h - -128. What is the remainder when o is divided by 1 + -3 - (-1 - 35)?
32
Let w be (6/(-8))/3 + (-13)/(-4). Suppose -m + 16 = 2*s, 20 = w*s + 5*m - 4. Calculate the remainder when 22 is divided by s.
6
Let f(u) = -u**3 - 20*u**2 - 21*u - 11. What is the remainder when 51 is divided by f(-19)?
24
Suppose -3*t = 4*u - 29, -3*t - 6 + 0 = -3*u. Let v = t - -39. Let l = v + -18. Calculate the remainder when 95 is divided by l.
23
Suppose -89*p - 1088 = -97*p. Calculate the remainder when p is divided by 25.
11
Let u = 68 + -21. Suppose -19*c + 120 = -14*c. Calculate the remainder when u is divided by c.
23
Suppose -14*u + u = -429. Let y(c) = -4*c + 4. Let n be y(-5). Suppose 2*w = -0 + n. Calculate the remainder when u is divided by w.
9
Suppose -7*q = -4*q - 9. Let x be 1/(q/72*4). Suppose -x*o + 150 = -12. Calculate the remainder when 80 is divided by o.
26
Let g = 101 + -96. What is the remainder when 6 is divided by g?
1
Let w = 217 - 167. Calculate the remainder when w is divided by 20.
10
Let h(j) = -3*j**3 - 2*j**2 - j. Let i be h(-1). Suppose -5*v + 8 = 3*u, 10 = -3*u - i. Let f = 7 + v. What is the remainder when 21 is divided by f?
10
Calculate the remainder when 82 is divided by (-1)/(-21)*9 + 180/21.
1
Suppose -4172 = -4*y - 0*y. Let w(l) = -7*l - 10. Let t be w(-2). Calculate the remainder when 38 is divided by y/49 + t/(-14).
17
Let h = 10 - -11. Let o = -220 + 233. What is the remainder when h is divided by o?
8
Suppose 0 = -134*c + 137*c - 36. Let j(f) = -f**3 + 13*f**2 - f + 16. Calculate the remainder when j(c) is divided by 19.
15
Suppose -275*t - 10603 = -298*t. Calculate the remainder when t is divided by 43.
31
Suppose 2*w - 640 = -2*g, -32*g + 35*g = -4*w + 964. Calculate the remainder when g is divided by 16.
12
Suppose -49 = 2*p - 87. What is the remainder when 74 is divided by p?
17
Let b be (21/6)/(5/(-10)). Let v(u) = -u + 2. Calculate the remainder when 4/(-18) + 924/27 is divided by v(b).
7
Let f(r) = -5*r + 4. Let d(z) = -z**3 - 18*z**2 - 16*z + 12. Let i be d(-17). Let w be f(i). Let m = w + -11. What is the remainder when m is divided by 5?
3
Let j = -58 + 24. Let g = 165 + j. What is the remainder when g is divided by 33?
32
Suppose -42*z + 6960 + 54 = 0. What is the remainder when z is divided by 54?
5
Suppose -3*s - 20 = 4*k - 269, -s - 3*k + 83 = 0. What is the remainder when 159 is divided by s?
76
Suppose 55 = 12*n - 17. Calculate the remainder when 106 is divided by n.
4
Suppose -3*z = 4*n - 38, -3*z = -4*n + z + 52. Calculate the remainder when 21 is divided by n.
10
Suppose -6*p = 3*p. Suppose 4*n - 19*n + 660 = p. What is the remainder when n is divided by 1/2*-15*-2?
14
Suppose -8*o + 5*o = -6. Suppose